{"id":62,"date":"2026-03-30T14:34:41","date_gmt":"2026-03-30T17:34:41","guid":{"rendered":"https:\/\/lindemuth.com.br\/vlaj\/?page_id=62"},"modified":"2026-05-06T09:41:52","modified_gmt":"2026-05-06T12:41:52","slug":"sobre","status":"publish","type":"page","link":"https:\/\/lindemuth.com.br\/vlaj\/sobre\/","title":{"rendered":"Sobre"},"content":{"rendered":"\n<p>VLAJ LINDEMUTH \u00e9 formado em Comunica\u00e7\u00e3o Social, An\u00e1lise e Desenvolvimento de Sistemas, p\u00f3s-graduado em Engenharia de Sistemas. Atua como Desenvolvedor de Sistemas Web na Prefeitura Municipal de Hortol\u00e2ndia h\u00e1 aproximadamente 33 anos.<\/p>\n\n\n\n<p>Cantor gospel, compositor, instrumentista e comunicador crist\u00e3o brasileiro, Vlaj Lindemuth desenvolve um minist\u00e9rio musical cantando e tocando nas igrejas e na Live de P\u00f4r do Sol que faz pelo seu canal no YouTube desde mar\u00e7o de 2022.<\/p>\n\n\n\n<p>Tamb\u00e9m participa do Chorus Dei, um dos corais do UNASP de Hortol\u00e2ndia, como 1o Tenor e \u00e9 pianista da banda musical da IASD Taquaral, em Campinas.<\/p>\n\n\n\n<p>Criador e propriet\u00e1rio do Jornal RMC (www.jornalrmc.com.br), Vlaj mant\u00e9m este portal de comunica\u00e7\u00e3o das Regi\u00f5es Metropolitanas de Campinas, Cuiab\u00e1 e Curitiba desde 2007.<\/p>\n\n\n\n<p>Vlaj \u00e9 divorciado, pai da cantora e atriz Nicolie Zambelo Lindemute, formada em Teatro Musical.<\/p>\n\n\n\n<p>Possui diversas can\u00e7\u00f5es autorais dispon\u00edveis em plataformas como Spotify, Apple Music, Amazon Music, YouTube, TikTok, etc. Seu repert\u00f3rio aborda temas como f\u00e9 pr\u00e1tica, esperan\u00e7a, transforma\u00e7\u00e3o e confian\u00e7a nos planos divinos.<\/p>\n\n\n\n<p><\/p>\n","protected":false},"excerpt":{"rendered":"<p>VLAJ LINDEMUTH \u00e9 formado em Comunica\u00e7\u00e3o Social, An\u00e1lise e Desenvolvimento de Sistemas, p\u00f3s-graduado em Engenharia de Sistemas. Atua como Desenvolvedor [&hellip;]<\/p>\n","protected":false},"author":1,"featured_media":0,"parent":0,"menu_order":0,"comment_status":"closed","ping_status":"closed","template":"","meta":{"site-sidebar-layout":"default","site-content-layout":"","ast-site-content-layout":"default","site-content-style":"default","site-sidebar-style":"default","ast-global-header-display":"","ast-banner-title-visibility":"","ast-main-header-display":"","ast-hfb-above-header-display":"","ast-hfb-below-header-display":"","ast-hfb-mobile-header-display":"","site-post-title":"","ast-breadcrumbs-content":"","ast-featured-img":"","footer-sml-layout":"","ast-disable-related-posts":"","theme-transparent-header-meta":"","adv-header-id-meta":"","stick-header-meta":"","header-above-stick-meta":"","header-main-stick-meta":"","header-below-stick-meta":"","astra-migrate-meta-layouts":"default","ast-page-background-enabled":"default","ast-page-background-meta":{"desktop":{"background-color":"var(--ast-global-color-5)","background-image":"","background-repeat":"repeat","background-position":"center center","background-size":"auto","background-attachment":"scroll","background-type":"","background-media":"","overlay-type":"","overlay-color":"","overlay-opacity":"","overlay-gradient":""},"tablet":{"background-color":"","background-image":"","background-repeat":"repeat","background-position":"center center","background-size":"auto","background-attachment":"scroll","background-type":"","background-media":"","overlay-type":"","overlay-color":"","overlay-opacity":"","overlay-gradient":""},"mobile":{"background-color":"","background-image":"","background-repeat":"repeat","background-position":"center center","background-size":"auto","background-attachment":"scroll","background-type":"","background-media":"","overlay-type":"","overlay-color":"","overlay-opacity":"","overlay-gradient":""}},"ast-content-background-meta":{"desktop":{"background-color":"var(--ast-global-color-4)","background-image":"","background-repeat":"repeat","background-position":"center center","background-size":"auto","background-attachment":"scroll","background-type":"","background-media":"","overlay-type":"","overlay-color":"","overlay-opacity":"","overlay-gradient":""},"tablet":{"background-color":"var(--ast-global-color-4)","background-image":"","background-repeat":"repeat","background-position":"center center","background-size":"auto","background-attachment":"scroll","background-type":"","background-media":"","overlay-type":"","overlay-color":"","overlay-opacity":"","overlay-gradient":""},"mobile":{"background-color":"var(--ast-global-color-4)","background-image":"","background-repeat":"repeat","background-position":"center center","background-size":"auto","background-attachment":"scroll","background-type":"","background-media":"","overlay-type":"","overlay-color":"","overlay-opacity":"","overlay-gradient":""}},"_joinchat":[],"footnotes":""},"class_list":["post-62","page","type-page","status-publish","hentry"],"_links":{"self":[{"href":"https:\/\/lindemuth.com.br\/vlaj\/wp-json\/wp\/v2\/pages\/62","targetHints":{"allow":["GET"]}}],"collection":[{"href":"https:\/\/lindemuth.com.br\/vlaj\/wp-json\/wp\/v2\/pages"}],"about":[{"href":"https:\/\/lindemuth.com.br\/vlaj\/wp-json\/wp\/v2\/types\/page"}],"author":[{"embeddable":true,"href":"https:\/\/lindemuth.com.br\/vlaj\/wp-json\/wp\/v2\/users\/1"}],"replies":[{"embeddable":true,"href":"https:\/\/lindemuth.com.br\/vlaj\/wp-json\/wp\/v2\/comments?post=62"}],"version-history":[{"count":3,"href":"https:\/\/lindemuth.com.br\/vlaj\/wp-json\/wp\/v2\/pages\/62\/revisions"}],"predecessor-version":[{"id":328,"href":"https:\/\/lindemuth.com.br\/vlaj\/wp-json\/wp\/v2\/pages\/62\/revisions\/328"}],"wp:attachment":[{"href":"https:\/\/lindemuth.com.br\/vlaj\/wp-json\/wp\/v2\/media?parent=62"}],"curies":[{"name":"wp","href":"https:\/\/api.w.org\/{rel}","templated":true}]}}